{"id":295,"date":"2018-02-02T10:27:55","date_gmt":"2018-02-02T09:27:55","guid":{"rendered":"http:\/\/adevie.com\/?page_id=295"},"modified":"2019-03-05T09:27:04","modified_gmt":"2019-03-05T08:27:04","slug":"maintien-de-revenu","status":"publish","type":"page","link":"https:\/\/adevie.com\/index.php\/produits-2\/prevoyance\/maintien-de-revenu\/","title":{"rendered":"Maintien de Revenu"},"content":{"rendered":"<p><img loading=\"lazy\" decoding=\"async\" width=\"249\" height=\"249\" class=\"size-full wp-image-296 aligncenter\" alt=\"\" src=\"http:\/\/adevie.com\/wp-content\/uploads\/2018\/02\/running-injury-e1306890814278.jpg\" srcset=\"https:\/\/adevie.com\/wp-content\/uploads\/2018\/02\/running-injury-e1306890814278.jpg 249w, https:\/\/adevie.com\/wp-content\/uploads\/2018\/02\/running-injury-e1306890814278-150x150.jpg 150w\" sizes=\"(max-width: 249px) 100vw, 249px\" \/><\/p>\n<p>&nbsp;<\/p>\n<p style=\"text-align: center;\">Garantie Maintien de Revenus<br \/>\nIndemnit\u00e9s Journali\u00e8res<\/p>\n<p>&nbsp;<\/p>\n<blockquote><p>Nous vous proposons en cas d&rsquo;arr\u00eat de travail suite \u00e0 une maladie ou un accident, le versement d&rsquo;Indemnit\u00e9s Journali\u00e8res afin de compl\u00e9ter votre perte de revenu.<\/p><\/blockquote>\n<p>La Garantie Indemnit\u00e9s Journali\u00e8res est un contrat sur mesure qui prend le relais de votre S\u00e9curit\u00e9 Sociale afin de compenser la perte de vos revenus d&rsquo;activit\u00e9 suite \u00e0 un arr\u00eat de travail temporaire, voire d&rsquo;une incapacit\u00e9 d\u00e9finitive de reprendre toute activit\u00e9 professionnelle.<\/p>\n<p>Parce que les Conventions Collectives ne suffisent pas toujours , le salari\u00e9 peut, apr\u00e8s seulement 2 mois d&rsquo;arr\u00eat de travail pour maladie ou accident, voir son salaire brut r\u00e9duit de 50%.<\/p>\n<p>Les garanties disponibles en fonction des produits et des compagnies gestionnaires :<\/p>\n<p><!--more--><\/p>\n<p>La Garantie de Salaire &#8211; pendant 1, 2 ou 3 ans<br \/>\nLa Rente d&rsquo;Invalidit\u00e9 &#8211; jusqu&rsquo;\u00e0 votre retraite<br \/>\nLa Garantie Perte d&rsquo;Emploi<\/p>\n<p>&nbsp;<\/p>\n<p>&nbsp;<\/p>\n<p><iframe loading=\"lazy\" width=\"100%\" height=\"450px\" src=\"https:\/\/adevie.oggo-data.net\/iform\/ij\" frameborder=\"0\"><\/iframe><\/p>\n","protected":false},"excerpt":{"rendered":"<p>&nbsp; Garantie Maintien de Revenus Indemnit\u00e9s Journali\u00e8res &nbsp; Nous vous proposons en cas d&rsquo;arr\u00eat de travail suite \u00e0 une maladie ou un accident, le versement d&rsquo;Indemnit\u00e9s Journali\u00e8res afin de compl\u00e9ter votre perte de revenu. La Garantie Indemnit\u00e9s Journali\u00e8res est un contrat sur mesure qui prend le relais de votre S\u00e9curit\u00e9 Sociale afin de compenser la [&hellip;]<\/p>\n","protected":false},"author":1,"featured_media":296,"parent":305,"menu_order":0,"comment_status":"closed","ping_status":"closed","template":"","meta":{"footnotes":""},"_links":{"self":[{"href":"https:\/\/adevie.com\/index.php\/wp-json\/wp\/v2\/pages\/295"}],"collection":[{"href":"https:\/\/adevie.com\/index.php\/wp-json\/wp\/v2\/pages"}],"about":[{"href":"https:\/\/adevie.com\/index.php\/wp-json\/wp\/v2\/types\/page"}],"author":[{"embeddable":true,"href":"https:\/\/adevie.com\/index.php\/wp-json\/wp\/v2\/users\/1"}],"replies":[{"embeddable":true,"href":"https:\/\/adevie.com\/index.php\/wp-json\/wp\/v2\/comments?post=295"}],"version-history":[{"count":8,"href":"https:\/\/adevie.com\/index.php\/wp-json\/wp\/v2\/pages\/295\/revisions"}],"predecessor-version":[{"id":989,"href":"https:\/\/adevie.com\/index.php\/wp-json\/wp\/v2\/pages\/295\/revisions\/989"}],"up":[{"embeddable":true,"href":"https:\/\/adevie.com\/index.php\/wp-json\/wp\/v2\/pages\/305"}],"wp:featuredmedia":[{"embeddable":true,"href":"https:\/\/adevie.com\/index.php\/wp-json\/wp\/v2\/media\/296"}],"wp:attachment":[{"href":"https:\/\/adevie.com\/index.php\/wp-json\/wp\/v2\/media?parent=295"}],"curies":[{"name":"wp","href":"https:\/\/api.w.org\/{rel}","templated":true}]}}