{"id":337,"date":"2018-02-02T11:50:14","date_gmt":"2018-02-02T10:50:14","guid":{"rendered":"http:\/\/adevie.com\/?page_id=337"},"modified":"2018-02-08T12:40:46","modified_gmt":"2018-02-08T11:40:46","slug":"multirisque-habitation","status":"publish","type":"page","link":"https:\/\/adevie.com\/index.php\/produits-2\/habitation\/multirisque-habitation\/","title":{"rendered":"Multirisque Habitation"},"content":{"rendered":"<p><img loading=\"lazy\" decoding=\"async\" class=\"size-full wp-image-549 aligncenter\" src=\"http:\/\/adevie.com\/wp-content\/uploads\/2018\/02\/assurance-4.jpg\" alt=\"\" width=\"290\" height=\"261\" \/><\/p>\n<p>&nbsp;<\/p>\n<h1 style=\"text-align: center;\"><strong>Multirisque Habitation<\/strong><\/h1>\n<p>&nbsp;<\/p>\n<p style=\"text-align: center;\">Que vous soyez Propri\u00e9taires ou Locataires, nous vous proposons des Contrats Multirisques<\/p>\n<p style=\"text-align: center;\">Habitation adapt\u00e9s \u00e0 votre logement et \u00e0 vos exigences.<\/p>\n<p>&nbsp;<\/p>\n<p><a href=\"http:\/\/adevie.com\/index.php\/formulaires\/contact\/\"><img loading=\"lazy\" decoding=\"async\" class=\"aligncenter wp-image-645 size-medium\" src=\"http:\/\/adevie.com\/wp-content\/uploads\/2018\/02\/contact-300x107.jpg\" alt=\"\" width=\"300\" height=\"107\" srcset=\"https:\/\/adevie.com\/wp-content\/uploads\/2018\/02\/contact-300x107.jpg 300w, https:\/\/adevie.com\/wp-content\/uploads\/2018\/02\/contact.jpg 674w\" sizes=\"(max-width: 300px) 100vw, 300px\" \/><\/a><\/p>\n","protected":false},"excerpt":{"rendered":"<p>&nbsp; Multirisque Habitation &nbsp; Que vous soyez Propri\u00e9taires ou Locataires, nous vous proposons des Contrats Multirisques Habitation adapt\u00e9s \u00e0 votre logement et \u00e0 vos exigences. &nbsp;<\/p>\n","protected":false},"author":1,"featured_media":549,"parent":328,"menu_order":0,"comment_status":"closed","ping_status":"closed","template":"","meta":{"footnotes":""},"_links":{"self":[{"href":"https:\/\/adevie.com\/index.php\/wp-json\/wp\/v2\/pages\/337"}],"collection":[{"href":"https:\/\/adevie.com\/index.php\/wp-json\/wp\/v2\/pages"}],"about":[{"href":"https:\/\/adevie.com\/index.php\/wp-json\/wp\/v2\/types\/page"}],"author":[{"embeddable":true,"href":"https:\/\/adevie.com\/index.php\/wp-json\/wp\/v2\/users\/1"}],"replies":[{"embeddable":true,"href":"https:\/\/adevie.com\/index.php\/wp-json\/wp\/v2\/comments?post=337"}],"version-history":[{"count":4,"href":"https:\/\/adevie.com\/index.php\/wp-json\/wp\/v2\/pages\/337\/revisions"}],"predecessor-version":[{"id":777,"href":"https:\/\/adevie.com\/index.php\/wp-json\/wp\/v2\/pages\/337\/revisions\/777"}],"up":[{"embeddable":true,"href":"https:\/\/adevie.com\/index.php\/wp-json\/wp\/v2\/pages\/328"}],"wp:featuredmedia":[{"embeddable":true,"href":"https:\/\/adevie.com\/index.php\/wp-json\/wp\/v2\/media\/549"}],"wp:attachment":[{"href":"https:\/\/adevie.com\/index.php\/wp-json\/wp\/v2\/media?parent=337"}],"curies":[{"name":"wp","href":"https:\/\/api.w.org\/{rel}","templated":true}]}}