{"id":375,"date":"2018-02-02T12:11:34","date_gmt":"2018-02-02T11:11:34","guid":{"rendered":"http:\/\/adevie.com\/?page_id=375"},"modified":"2018-02-08T13:13:16","modified_gmt":"2018-02-08T12:13:16","slug":"automobile","status":"publish","type":"page","link":"https:\/\/adevie.com\/index.php\/produits-2\/vehicule\/automobile\/","title":{"rendered":"Automobile"},"content":{"rendered":"<p><img loading=\"lazy\" decoding=\"async\" class=\"size-medium wp-image-548 aligncenter\" src=\"http:\/\/adevie.com\/wp-content\/uploads\/2018\/02\/assurance-auto1-300x212.jpg\" alt=\"\" width=\"300\" height=\"212\" srcset=\"https:\/\/adevie.com\/wp-content\/uploads\/2018\/02\/assurance-auto1-300x212.jpg 300w, https:\/\/adevie.com\/wp-content\/uploads\/2018\/02\/assurance-auto1.jpg 412w\" sizes=\"(max-width: 300px) 100vw, 300px\" \/><\/p>\n<h1 style=\"text-align: center;\"><strong>Automobile<\/strong><\/h1>\n<blockquote><p>Nous vous proposons des garanties sur mesure adapt\u00e9es \u00e0 vos besoins avec de nombreuses options au choix :<\/p>\n<p>Garantie pannes m\u00e9caniques,<br \/>\nEconomisez jusqu&rsquo;\u00e0 30% si vous roulez moins de 9 000 kms par an,<br \/>\nRemboursement de votre v\u00e9hicule en \u00ab\u00a0valeur \u00e0 neuf\u00a0\u00bb,<\/p><\/blockquote>\n<p>&nbsp;<\/p>\n<p><a href=\"http:\/\/adevie.com\/index.php\/formulaires\/contact\/\"><img loading=\"lazy\" decoding=\"async\" class=\"aligncenter wp-image-645 size-medium\" src=\"http:\/\/adevie.com\/wp-content\/uploads\/2018\/02\/contact-300x107.jpg\" alt=\"\" width=\"300\" height=\"107\" srcset=\"https:\/\/adevie.com\/wp-content\/uploads\/2018\/02\/contact-300x107.jpg 300w, https:\/\/adevie.com\/wp-content\/uploads\/2018\/02\/contact.jpg 674w\" sizes=\"(max-width: 300px) 100vw, 300px\" \/><\/a><\/p>\n","protected":false},"excerpt":{"rendered":"<p>Automobile Nous vous proposons des garanties sur mesure adapt\u00e9es \u00e0 vos besoins avec de nombreuses options au choix : Garantie pannes m\u00e9caniques, Economisez jusqu&rsquo;\u00e0 30% si vous roulez moins de 9 000 kms par an, Remboursement de votre v\u00e9hicule en \u00ab\u00a0valeur \u00e0 neuf\u00a0\u00bb, &nbsp;<\/p>\n","protected":false},"author":1,"featured_media":548,"parent":330,"menu_order":0,"comment_status":"closed","ping_status":"closed","template":"","meta":{"footnotes":""},"_links":{"self":[{"href":"https:\/\/adevie.com\/index.php\/wp-json\/wp\/v2\/pages\/375"}],"collection":[{"href":"https:\/\/adevie.com\/index.php\/wp-json\/wp\/v2\/pages"}],"about":[{"href":"https:\/\/adevie.com\/index.php\/wp-json\/wp\/v2\/types\/page"}],"author":[{"embeddable":true,"href":"https:\/\/adevie.com\/index.php\/wp-json\/wp\/v2\/users\/1"}],"replies":[{"embeddable":true,"href":"https:\/\/adevie.com\/index.php\/wp-json\/wp\/v2\/comments?post=375"}],"version-history":[{"count":3,"href":"https:\/\/adevie.com\/index.php\/wp-json\/wp\/v2\/pages\/375\/revisions"}],"predecessor-version":[{"id":797,"href":"https:\/\/adevie.com\/index.php\/wp-json\/wp\/v2\/pages\/375\/revisions\/797"}],"up":[{"embeddable":true,"href":"https:\/\/adevie.com\/index.php\/wp-json\/wp\/v2\/pages\/330"}],"wp:featuredmedia":[{"embeddable":true,"href":"https:\/\/adevie.com\/index.php\/wp-json\/wp\/v2\/media\/548"}],"wp:attachment":[{"href":"https:\/\/adevie.com\/index.php\/wp-json\/wp\/v2\/media?parent=375"}],"curies":[{"name":"wp","href":"https:\/\/api.w.org\/{rel}","templated":true}]}}