{"id":562,"date":"2018-02-02T20:01:56","date_gmt":"2018-02-02T19:01:56","guid":{"rendered":"http:\/\/adevie.com\/?page_id=562"},"modified":"2018-02-07T16:00:03","modified_gmt":"2018-02-07T15:00:03","slug":"parrainage","status":"publish","type":"page","link":"https:\/\/adevie.com\/index.php\/accueil\/parrainage\/","title":{"rendered":"Offre Parrainage"},"content":{"rendered":"<table width=\"777\">\n<tbody>\n<tr>\n<td colspan=\"2\">\n<div class=\"Style8\" style=\"text-align: center;\" align=\"center\"><u>Offre Parrainage<\/u><\/div>\n<\/td>\n<\/tr>\n<tr>\n<td colspan=\"2\"><\/td>\n<\/tr>\n<tr>\n<td colspan=\"2\">\n<div align=\"center\">\n<p class=\"Style6\" align=\"center\">LE PARRAINAGE, POUR PARTAGER AVEC CEUX QU&rsquo;ON AIME&#8230;<\/p>\n<p align=\"center\">B\u00e9n\u00e9ficiez d&rsquo;un ch\u00e8que cadeau de 30 \u20ac pour<\/p>\n<p align=\"center\">chaque nouveau client que vous nous pr\u00e9senterez*.<\/p>\n<p align=\"center\"><img loading=\"lazy\" decoding=\"async\" class=\"alignnone size-medium wp-image-563\" src=\"http:\/\/adevie.com\/wp-content\/uploads\/2018\/02\/item-ticket-kadeo-300x291.png\" alt=\"\" width=\"300\" height=\"291\" srcset=\"https:\/\/adevie.com\/wp-content\/uploads\/2018\/02\/item-ticket-kadeo-300x291.png 300w, https:\/\/adevie.com\/wp-content\/uploads\/2018\/02\/item-ticket-kadeo.png 552w\" sizes=\"(max-width: 300px) 100vw, 300px\" \/><\/p>\n<p class=\"Style7\" align=\"center\">Notre meilleure publicit\u00e9, c&rsquo;est vous&#8230;<\/p>\n<p align=\"center\">Le ch\u00e8que Cado est utilisable dans les magasins suivants :<\/p>\n<p align=\"center\"><img loading=\"lazy\" decoding=\"async\" class=\"alignnone wp-image-565\" src=\"http:\/\/adevie.com\/wp-content\/uploads\/2018\/02\/logos_infini.png\" alt=\"\" width=\"281\" height=\"151\" \/><\/p>\n<p align=\"center\">* Offre r\u00e9serv\u00e9e aux clients du Cabinet Ad\u00e9vie pour nous avoir pr\u00e9sent\u00e9 un nouvel adh\u00e9rent qui a souscrit un contrat compl\u00e9mentaire sant\u00e9.<br \/>\nCette offre est limit\u00e9e \u00e0 un maximum de 150 \u20ac par client parrain et par an.<\/p>\n<\/div>\n<p align=\"center\">\n<p align=\"center\"><a href=\"http:\/\/adevie.com\/index.php\/formulaires\/contact\/\"><img loading=\"lazy\" decoding=\"async\" class=\"aligncenter wp-image-645 size-medium\" src=\"http:\/\/adevie.com\/wp-content\/uploads\/2018\/02\/contact-300x107.jpg\" alt=\"\" width=\"300\" height=\"107\" srcset=\"https:\/\/adevie.com\/wp-content\/uploads\/2018\/02\/contact-300x107.jpg 300w, https:\/\/adevie.com\/wp-content\/uploads\/2018\/02\/contact.jpg 674w\" sizes=\"(max-width: 300px) 100vw, 300px\" \/><\/a><\/p>\n<\/td>\n<\/tr>\n<\/tbody>\n<\/table>\n","protected":false},"excerpt":{"rendered":"<p>Offre Parrainage LE PARRAINAGE, POUR PARTAGER AVEC CEUX QU&rsquo;ON AIME&#8230; B\u00e9n\u00e9ficiez d&rsquo;un ch\u00e8que cadeau de 30 \u20ac pour chaque nouveau client que vous nous pr\u00e9senterez*. Notre meilleure publicit\u00e9, c&rsquo;est vous&#8230; Le ch\u00e8que Cado est utilisable dans les magasins suivants : * Offre r\u00e9serv\u00e9e aux clients du Cabinet Ad\u00e9vie pour nous avoir pr\u00e9sent\u00e9 un nouvel adh\u00e9rent [&hellip;]<\/p>\n","protected":false},"author":1,"featured_media":0,"parent":26,"menu_order":0,"comment_status":"closed","ping_status":"closed","template":"","meta":{"footnotes":""},"_links":{"self":[{"href":"https:\/\/adevie.com\/index.php\/wp-json\/wp\/v2\/pages\/562"}],"collection":[{"href":"https:\/\/adevie.com\/index.php\/wp-json\/wp\/v2\/pages"}],"about":[{"href":"https:\/\/adevie.com\/index.php\/wp-json\/wp\/v2\/types\/page"}],"author":[{"embeddable":true,"href":"https:\/\/adevie.com\/index.php\/wp-json\/wp\/v2\/users\/1"}],"replies":[{"embeddable":true,"href":"https:\/\/adevie.com\/index.php\/wp-json\/wp\/v2\/comments?post=562"}],"version-history":[{"count":3,"href":"https:\/\/adevie.com\/index.php\/wp-json\/wp\/v2\/pages\/562\/revisions"}],"predecessor-version":[{"id":650,"href":"https:\/\/adevie.com\/index.php\/wp-json\/wp\/v2\/pages\/562\/revisions\/650"}],"up":[{"embeddable":true,"href":"https:\/\/adevie.com\/index.php\/wp-json\/wp\/v2\/pages\/26"}],"wp:attachment":[{"href":"https:\/\/adevie.com\/index.php\/wp-json\/wp\/v2\/media?parent=562"}],"curies":[{"name":"wp","href":"https:\/\/api.w.org\/{rel}","templated":true}]}}