{"id":573,"date":"2018-02-02T20:17:06","date_gmt":"2018-02-02T19:17:06","guid":{"rendered":"http:\/\/adevie.com\/?page_id=573"},"modified":"2018-02-07T16:49:08","modified_gmt":"2018-02-07T15:49:08","slug":"promotion","status":"publish","type":"page","link":"https:\/\/adevie.com\/index.php\/accueil\/promotion\/","title":{"rendered":"Promotion"},"content":{"rendered":"<p><img loading=\"lazy\" decoding=\"async\" class=\"wp-image-107 aligncenter\" src=\"http:\/\/adevie.com\/wp-content\/uploads\/2018\/02\/ASAFAFPS-530-294x300.jpg\" alt=\"\" width=\"123\" height=\"126\" \/><\/p>\n<blockquote><p>2018 :<\/p>\n<p>B\u00e9n\u00e9ficiez d&rsquo;une r\u00e9duction de 10% sur votre nouveau contrat <strong>Compl\u00e9mentaire Sant\u00e9<\/strong><\/p>\n<p>pour toute souscription d&rsquo;une garantie Accident de la Vie, D\u00e9pendance, Frais d&rsquo;Obs\u00e8ques ou Maintien des Revenus.<\/p><\/blockquote>\n<p>&nbsp;<\/p>\n<p><img loading=\"lazy\" decoding=\"async\" class=\"alignnone  wp-image-98 aligncenter\" src=\"http:\/\/adevie.com\/wp-content\/uploads\/2018\/02\/allianz-e1517484892141.jpg\" alt=\"\" width=\"149\" height=\"84\" \/><\/p>\n<blockquote><p>Du 02 janvier 2018 au 30 avril 2018 :<\/p>\n<p>Pour les gammes <strong>Compl\u00e9mentaire Sant\u00e9<\/strong> des Travailleurs Non Salari\u00e9s et S\u00e9niors,<\/p>\n<p>B\u00e9n\u00e9ficiez de 2 mois gratuits pour pour toute nouvelle souscription.<\/p><\/blockquote>\n<p>&nbsp;<\/p>\n<p><a href=\"http:\/\/adevie.com\/index.php\/formulaires\/contact\/\"><img loading=\"lazy\" decoding=\"async\" class=\"aligncenter wp-image-645 size-medium\" src=\"http:\/\/adevie.com\/wp-content\/uploads\/2018\/02\/contact-300x107.jpg\" alt=\"\" width=\"300\" height=\"107\" srcset=\"https:\/\/adevie.com\/wp-content\/uploads\/2018\/02\/contact-300x107.jpg 300w, https:\/\/adevie.com\/wp-content\/uploads\/2018\/02\/contact.jpg 674w\" sizes=\"(max-width: 300px) 100vw, 300px\" \/><\/a><\/p>\n","protected":false},"excerpt":{"rendered":"<p>2018 : B\u00e9n\u00e9ficiez d&rsquo;une r\u00e9duction de 10% sur votre nouveau contrat Compl\u00e9mentaire Sant\u00e9 pour toute souscription d&rsquo;une garantie Accident de la Vie, D\u00e9pendance, Frais d&rsquo;Obs\u00e8ques ou Maintien des Revenus. &nbsp; Du 02 janvier 2018 au 30 avril 2018 : Pour les gammes Compl\u00e9mentaire Sant\u00e9 des Travailleurs Non Salari\u00e9s et S\u00e9niors, B\u00e9n\u00e9ficiez de 2 mois gratuits [&hellip;]<\/p>\n","protected":false},"author":1,"featured_media":0,"parent":26,"menu_order":0,"comment_status":"closed","ping_status":"closed","template":"","meta":{"footnotes":""},"_links":{"self":[{"href":"https:\/\/adevie.com\/index.php\/wp-json\/wp\/v2\/pages\/573"}],"collection":[{"href":"https:\/\/adevie.com\/index.php\/wp-json\/wp\/v2\/pages"}],"about":[{"href":"https:\/\/adevie.com\/index.php\/wp-json\/wp\/v2\/types\/page"}],"author":[{"embeddable":true,"href":"https:\/\/adevie.com\/index.php\/wp-json\/wp\/v2\/users\/1"}],"replies":[{"embeddable":true,"href":"https:\/\/adevie.com\/index.php\/wp-json\/wp\/v2\/comments?post=573"}],"version-history":[{"count":4,"href":"https:\/\/adevie.com\/index.php\/wp-json\/wp\/v2\/pages\/573\/revisions"}],"predecessor-version":[{"id":697,"href":"https:\/\/adevie.com\/index.php\/wp-json\/wp\/v2\/pages\/573\/revisions\/697"}],"up":[{"embeddable":true,"href":"https:\/\/adevie.com\/index.php\/wp-json\/wp\/v2\/pages\/26"}],"wp:attachment":[{"href":"https:\/\/adevie.com\/index.php\/wp-json\/wp\/v2\/media?parent=573"}],"curies":[{"name":"wp","href":"https:\/\/api.w.org\/{rel}","templated":true}]}}

<p><img loading="lazy" decoding="async" class="wp-image-107 aligncenter" src="http://adevie.com/wp-content/uploads/2018/02/ASAFAFPS-530-294x300.jpg" alt="" width="123" height="126" /></p>
<blockquote><p>2018 :</p>
<p>Bénéficiez d&rsquo;une réduction de 10% sur votre nouveau contrat <strong>Complémentaire Santé</strong></p>
<p>pour toute souscription d&rsquo;une garantie Accident de la Vie, Dépendance, Frais d&rsquo;Obsèques ou Maintien des Revenus.</p></blockquote>
<p>&nbsp;</p>
<p><img loading="lazy" decoding="async" class="alignnone  wp-image-98 aligncenter" src="http://adevie.com/wp-content/uploads/2018/02/allianz-e1517484892141.jpg" alt="" width="149" height="84" /></p>
<blockquote><p>Du 02 janvier 2018 au 30 avril 2018 :</p>
<p>Pour les gammes <strong>Complémentaire Santé</strong> des Travailleurs Non Salariés et Séniors,</p>
<p>Bénéficiez de 2 mois gratuits pour pour toute nouvelle souscription.</p></blockquote>
<p>&nbsp;</p>
<p><a href="http://adevie.com/index.php/formulaires/contact/"><img loading="lazy" decoding="async" class="aligncenter wp-image-645 size-medium" src="http://adevie.com/wp-content/uploads/2018/02/contact-300x107.jpg" alt="" width="300" height="107" srcset="https://adevie.com/wp-content/uploads/2018/02/contact-300x107.jpg 300w, https://adevie.com/wp-content/uploads/2018/02/contact.jpg 674w" sizes="(max-width: 300px) 100vw, 300px" /></a></p>

<p>2018 : Bénéficiez d&rsquo;une réduction de 10% sur votre nouveau contrat Complémentaire Santé pour toute souscription d&rsquo;une garantie Accident de la Vie, Dépendance, Frais d&rsquo;Obsèques ou Maintien des Revenus. &nbsp; Du 02 janvier 2018 au 30 avril 2018 : Pour les gammes Complémentaire Santé des Travailleurs Non Salariés et Séniors, Bénéficiez de 2 mois gratuits [&hellip;]</p>
