{"id":747,"date":"2018-02-08T09:54:46","date_gmt":"2018-02-08T08:54:46","guid":{"rendered":"http:\/\/adevie.com\/?page_id=747"},"modified":"2019-03-05T10:46:28","modified_gmt":"2019-03-05T09:46:28","slug":"sante-collective","status":"publish","type":"page","link":"https:\/\/adevie.com\/index.php\/produits-2\/sante\/sante-collective\/","title":{"rendered":"Sant\u00e9 Collective"},"content":{"rendered":"\n<div class=\"wp-block-image\"><figure class=\"aligncenter is-resized\"><img loading=\"lazy\" decoding=\"async\" src=\"http:\/\/adevie.com\/wp-content\/uploads\/2019\/03\/collectif.jpg\" alt=\"\" class=\"wp-image-1026\" width=\"174\" height=\"174\" srcset=\"https:\/\/adevie.com\/wp-content\/uploads\/2019\/03\/collectif.jpg 1000w, https:\/\/adevie.com\/wp-content\/uploads\/2019\/03\/collectif-150x150.jpg 150w, https:\/\/adevie.com\/wp-content\/uploads\/2019\/03\/collectif-300x300.jpg 300w, https:\/\/adevie.com\/wp-content\/uploads\/2019\/03\/collectif-768x768.jpg 768w\" sizes=\"(max-width: 174px) 100vw, 174px\" \/><\/figure><\/div>\n\n\n<blockquote><p>Que vous ayez un ou plusieurs salari\u00e9s, nous vous proposerons parmi l&rsquo;ensemble de nos compagnies des offres adapt\u00e9es \u00e0 votre situation :<\/p><\/blockquote>\n<ul>\n<li>Contrats en conformit\u00e9 avec votre accord de branche<\/li>\n<li>Possibilit\u00e9 de couvrir le salari\u00e9 seul ou avec sa famille<\/li>\n<li>Des garanties sur mesure et adaptable pour chaque salari\u00e9<\/li>\n<li>Des renforts ou la couverture des ayants-droits peut se faire directement sur le compte du salari\u00e9<\/li>\n<li>Un accompagnement au quotidien<\/li>\n<\/ul>\n<p>&nbsp;<\/p>\n<p><a href=\"http:\/\/adevie.com\/index.php\/formulaires\/contact\/\"><img loading=\"lazy\" decoding=\"async\" width=\"300\" height=\"107\" class=\"aligncenter wp-image-645 size-medium\" alt=\"\" src=\"http:\/\/adevie.com\/wp-content\/uploads\/2018\/02\/contact-300x107.jpg\" srcset=\"https:\/\/adevie.com\/wp-content\/uploads\/2018\/02\/contact-300x107.jpg 300w, https:\/\/adevie.com\/wp-content\/uploads\/2018\/02\/contact.jpg 674w\" sizes=\"(max-width: 300px) 100vw, 300px\" \/><\/a><\/p>\n<p>&nbsp;<\/p>","protected":false},"excerpt":{"rendered":"<p>Que vous ayez un ou plusieurs salari\u00e9s, nous vous proposerons parmi l&rsquo;ensemble de nos compagnies des offres adapt\u00e9es \u00e0 votre situation : Contrats en conformit\u00e9 avec votre accord de branche Possibilit\u00e9 de couvrir le salari\u00e9 seul ou avec sa famille Des garanties sur mesure et adaptable pour chaque salari\u00e9 Des renforts ou la couverture des [&hellip;]<\/p>\n","protected":false},"author":1,"featured_media":1026,"parent":325,"menu_order":0,"comment_status":"closed","ping_status":"closed","template":"","meta":{"footnotes":""},"_links":{"self":[{"href":"https:\/\/adevie.com\/index.php\/wp-json\/wp\/v2\/pages\/747"}],"collection":[{"href":"https:\/\/adevie.com\/index.php\/wp-json\/wp\/v2\/pages"}],"about":[{"href":"https:\/\/adevie.com\/index.php\/wp-json\/wp\/v2\/types\/page"}],"author":[{"embeddable":true,"href":"https:\/\/adevie.com\/index.php\/wp-json\/wp\/v2\/users\/1"}],"replies":[{"embeddable":true,"href":"https:\/\/adevie.com\/index.php\/wp-json\/wp\/v2\/comments?post=747"}],"version-history":[{"count":4,"href":"https:\/\/adevie.com\/index.php\/wp-json\/wp\/v2\/pages\/747\/revisions"}],"predecessor-version":[{"id":1027,"href":"https:\/\/adevie.com\/index.php\/wp-json\/wp\/v2\/pages\/747\/revisions\/1027"}],"up":[{"embeddable":true,"href":"https:\/\/adevie.com\/index.php\/wp-json\/wp\/v2\/pages\/325"}],"wp:featuredmedia":[{"embeddable":true,"href":"https:\/\/adevie.com\/index.php\/wp-json\/wp\/v2\/media\/1026"}],"wp:attachment":[{"href":"https:\/\/adevie.com\/index.php\/wp-json\/wp\/v2\/media?parent=747"}],"curies":[{"name":"wp","href":"https:\/\/api.w.org\/{rel}","templated":true}]}}