{"id":749,"date":"2018-02-08T09:55:15","date_gmt":"2018-02-08T08:55:15","guid":{"rendered":"http:\/\/adevie.com\/?page_id=749"},"modified":"2019-03-05T10:52:48","modified_gmt":"2019-03-05T09:52:48","slug":"prevoyance-collective","status":"publish","type":"page","link":"https:\/\/adevie.com\/index.php\/produits-2\/prevoyance\/prevoyance-collective\/","title":{"rendered":"Pr\u00e9voyance Collective"},"content":{"rendered":"<p><a href=\"http:\/\/adevie.com\/index.php\/formulaires\/contact\/\"><br \/>\n<img loading=\"lazy\" decoding=\"async\" class=\"alignnone  wp-image-824 aligncenter\" src=\"http:\/\/adevie.com\/wp-content\/uploads\/2018\/02\/empire-2983246_960_720-300x300.jpg\" alt=\"\" width=\"181\" height=\"181\" srcset=\"https:\/\/adevie.com\/wp-content\/uploads\/2018\/02\/empire-2983246_960_720-300x300.jpg 300w, https:\/\/adevie.com\/wp-content\/uploads\/2018\/02\/empire-2983246_960_720-150x150.jpg 150w, https:\/\/adevie.com\/wp-content\/uploads\/2018\/02\/empire-2983246_960_720.jpg 720w\" sizes=\"(max-width: 181px) 100vw, 181px\" \/><\/a><\/p>\n<p>La pr\u00e9voyance collective permet de compl\u00e9ter les prestations des r\u00e9gimes obligatoires de S\u00e9curit\u00e9 sociale, souvent insuffisantes.<br \/>\nElle est form\u00e9e de l\u2019ensemble des garanties et assurances, indispensables pour assurer le niveau de vie des salari\u00e9s et de leur famille, en cas de d\u00e9c\u00e8s, d\u2019incapacit\u00e9 de travail ou d\u2019invalidit\u00e9.<\/p>\n<p><a href=\"http:\/\/adevie.com\/index.php\/formulaires\/contact\/\"><br \/>\n<img loading=\"lazy\" decoding=\"async\" class=\"aligncenter wp-image-645 size-medium\" src=\"http:\/\/adevie.com\/wp-content\/uploads\/2018\/02\/contact-300x107.jpg\" alt=\"\" width=\"300\" height=\"107\" srcset=\"https:\/\/adevie.com\/wp-content\/uploads\/2018\/02\/contact-300x107.jpg 300w, https:\/\/adevie.com\/wp-content\/uploads\/2018\/02\/contact.jpg 674w\" sizes=\"(max-width: 300px) 100vw, 300px\" \/><\/a><\/p>\n","protected":false},"excerpt":{"rendered":"<p>La pr\u00e9voyance collective permet de compl\u00e9ter les prestations des r\u00e9gimes obligatoires de S\u00e9curit\u00e9 sociale, souvent insuffisantes. Elle est form\u00e9e de l\u2019ensemble des garanties et assurances, indispensables pour assurer le niveau de vie des salari\u00e9s et de leur famille, en cas de d\u00e9c\u00e8s, d\u2019incapacit\u00e9 de travail ou d\u2019invalidit\u00e9.<\/p>\n","protected":false},"author":1,"featured_media":824,"parent":305,"menu_order":0,"comment_status":"closed","ping_status":"closed","template":"","meta":{"footnotes":""},"_links":{"self":[{"href":"https:\/\/adevie.com\/index.php\/wp-json\/wp\/v2\/pages\/749"}],"collection":[{"href":"https:\/\/adevie.com\/index.php\/wp-json\/wp\/v2\/pages"}],"about":[{"href":"https:\/\/adevie.com\/index.php\/wp-json\/wp\/v2\/types\/page"}],"author":[{"embeddable":true,"href":"https:\/\/adevie.com\/index.php\/wp-json\/wp\/v2\/users\/1"}],"replies":[{"embeddable":true,"href":"https:\/\/adevie.com\/index.php\/wp-json\/wp\/v2\/comments?post=749"}],"version-history":[{"count":3,"href":"https:\/\/adevie.com\/index.php\/wp-json\/wp\/v2\/pages\/749\/revisions"}],"predecessor-version":[{"id":1034,"href":"https:\/\/adevie.com\/index.php\/wp-json\/wp\/v2\/pages\/749\/revisions\/1034"}],"up":[{"embeddable":true,"href":"https:\/\/adevie.com\/index.php\/wp-json\/wp\/v2\/pages\/305"}],"wp:featuredmedia":[{"embeddable":true,"href":"https:\/\/adevie.com\/index.php\/wp-json\/wp\/v2\/media\/824"}],"wp:attachment":[{"href":"https:\/\/adevie.com\/index.php\/wp-json\/wp\/v2\/media?parent=749"}],"curies":[{"name":"wp","href":"https:\/\/api.w.org\/{rel}","templated":true}]}}